lse
Does 13 divide 87848?
False
Does 49 divide 4459?
True
Is 25 a factor of 1975?
True
Is 38 a factor of 1368?
True
Is 8 a factor of 6541?
False
Does 8 divide 520?
True
Is 1143 a multiple of 4?
False
Is 2 a factor of 24597?
False
Does 4 divide 104?
True
Does 8 divide 967?
False
Is 216 a factor of 20364?
False
Is 20100 a multiple of 50?
True
Is 359 a multiple of 8?
False
Does 80 divide 12960?
True
Is 126 a factor of 9111?
False
Is 301 even?
False
Does 21 divide 735?
True
Is 2 a factor of 2893?
False
Is 25 a factor of 450?
True
Is 5235 a multiple of 47?
False
Is 7353 a multiple of 13?
False
Is 20 a factor of 167820?
True
Does 72 divide 3038?
False
Does 12 divide 5316?
True
Does 5 divide 640?
True
Does 74 divide 44770?
True
Is 25 a factor of 675?
True
Does 10 divide 140?
True
Is 7137 even?
False
Is 10 a factor of 2003?
False
Does 117 divide 226?
False
Does 15 divide 398?
False
Does 16 divide 720?
True
Is 107 a factor of 30388?
True
Is 5 a factor of 4082?
False
Is 30294 a multiple of 5?
False
Is 4 a factor of 107?
False
Does 30 divide 990?
True
Does 12 divide 348?
True
Is 1943 a multiple of 27?
False
Does 6 divide 222?
True
Is 767 a multiple of 22?
False
Is 3510 a multiple of 15?
True
Does 56 divide 28840?
True
Is 16 a factor of 44952?
False
Is 5 a factor of 27040?
True
Does 14 divide 1204?
True
Is 665 a multiple of 35?
True
Is 20 a factor of 940?
True
Is 169260 a multiple of 60?
True
Is 1267 a multiple of 17?
False
Is 267 a multiple of 72?
False
Does 16 divide 336?
True
Is 417 a multiple of 6?
False
Is 6 a factor of 8952?
True
Is 15358 a multiple of 14?
True
Is 2830 a multiple of 10?
True
Does 6 divide 384?
True
Is 1086 a multiple of 6?
True
Does 18 divide 11542?
False
Does 131 divide 4591?
False
Is 33 a multiple of 11?
True
Is 171 a multiple of 19?
True
Does 19 divide 6118?
True
Is 463 a multiple of 3?
False
Is 2940 a multiple of 84?
True
Does 41 divide 921?
False
Does 5 divide 19295?
True
Is 17 a factor of 78098?
True
Does 28 divide 974?
False
Is 12 a factor of 924?
True
Is 118 even?
True
Is 3107 a multiple of 6?
False
Is 81039 a multiple of 250?
False
Is 9000 a multiple of 72?
True
Is 11 a factor of 1100?
True
Is 12 a factor of 624?
True
Is 21 a factor of 24003?
True
Does 47 divide 2961?
True
Is 14 a factor of 77364?
True
Is 13 a factor of 98?
False
Does 65 divide 325?
True
Is 15 a factor of 150?
True
Is 2476 a multiple of 18?
False
Does 34 divide 1598?
True
Is 2257 a multiple of 12?
False
Does 2 divide 1028?
True
Does 36 divide 46080?
True
Is 627 a multiple of 57?
True
Is 34 a factor of 5848?
True
Is 24 a factor of 18456?
True
Does 21 divide 1158?
False
Is 19 a factor of 3230?
True
Is 5096 a multiple of 40?
False
Is 12858 a multiple of 128?
False
Is 7 a factor of 63?
True
Is 456 a multiple of 5?
False
Does 23 divide 8487?
True
Does 24 divide 1536?
True
Does 87 divide 114411?
False
Does 16 divide 1039?
False
Is 16 a factor of 2097?
False
Is 20543 a multiple of 8?
False
Does 11 divide 148?
False
Does 6 divide 22374?
True
Is 4 a factor of 784?
True
Does 59 divide 1066?
False
Is 1257 a multiple of 10?
False
Is 25 a factor of 16109?
False
Is 10545 a multiple of 8?
False
Is 71 a factor of 6359?
False
Is 46293 a multiple of 158?
False
Is 452 a multiple of 2?
True
Does 21 divide 33904?
False
Does 26 divide 8580?
True
Is 8 a factor of 1053?
False
Does 90 divide 1890?
True
Is 5149 a multiple of 58?
False
Does 249 divide 20667?
True
Does 37 divide 464?
False
Does 23 divide 1518?
True
Does 18 divide 684?
True
Is 30 a factor of 5250?
True
Is 20640 a multiple of 117?
False
Does 53 divide 14170?
False
Is 7332 a multiple of 4?
True
Is 1673 a multiple of 7?
True
Is 1085 a multiple of 40?
False
Is 20 a factor of 2131?
False
Is 29 a factor of 1530?
False
Is 20 a factor of 1740?
True
Does 18 divide 127382?
False
Does 8 divide 9628?
False
Does 2 divide 494?
True
Does 18 divide 286?
False
Is 8 a factor of 57688?
True
Is 42 even?
True
Does 3 divide 7682?
False
Is 1369 a multiple of 60?
False
Is 88 a factor of 440?
True
Is 39 a factor of 4212?
True
Does 26 divide 3318?
False
Does 75 divide 3222?
False
Is 9 a factor of 198?
True
Is 14 a factor of 669?
False
Does 45 divide 22254?
False
Is 8 a factor of 960?
True
Is 6 a factor of 234?
True
Is 11907 a multiple of 25?
False
Is 3743 a multiple of 19?
True
Is 69 a factor of 1948?
False
Is 27 a factor of 38479?
False
Is 7 a factor of 2254?
True
Is 11641 a multiple of 86?
False
Is 395 a multiple of 2?
False
Is 21516 a multiple of 12?
True
Is 9775 a multiple of 25?
True
Is 35 a factor of 1050?
True
Is 15228 a multiple of 9?
True
Does 243 divide 42525?
True
Does 24 divide 120?
True
Does 10 divide 123289?
False
Is 11 a factor of 2530?
True
Is 106 a multiple of 7?
False
Is 140 a multiple of 14?
True
Does 23 divide 61?
False
Does 10 divide 24273?
False
Is 3247 a multiple of 19?
False
Does 244 divide 26108?
True
Is 66 a factor of 17269?
False
Is 13573 a multiple of 90?
False
Is 9098 a multiple of 171?
False
Is 4 a factor of 577?
False
Is 33 a factor of 859?
False
Is 35879 a multiple of 83?
False
Is 14976 a multiple of 9?
True
Does 9 divide 3762?
True
Is 980 a multiple of 58?
False
Is 997 a multiple of 77?
False
Does 3 divide 2375?
False
Is 5016 a multiple of 9?
False
Is 2019 a multiple of 62?
False
Is 1353 a multiple of 11?
True
Is 37618 a multiple of 105?
False
Does 29 divide 248?
False
Does 96 divide 1659?
False
Is 81142 a multiple of 33?
False
Is 22 a multiple of 7?
False
Does 12 divide 100470?
False
Is 36192 a multiple of 104?
True
Is 9611 a multiple of 41?
False
Is 65296 a multiple of 14?
True
Is 69 a factor of 483?
True
Does 6 divide 14796?
True
Is 7344 a multiple of 51?
True
Is 65724 a multiple of 15?
False
Is 15 a factor of 977?
False
Is 66 a multiple of 66?
True
Does 31 divide 22369?
False
Does 14 divide 28?
True
Is 1205 a multiple of 86?
False
Is 11 a factor of 19465?
False
Is 6 a factor of 23?
False
Is 900 a multiple of 8?
False
Is 3281 a multiple of 17?
True
Is 9 a factor of 972?
True
Does 2 divide 119?
False
Does 4 divide 1328?
True
Does 105 divide 15840?
False
Is 29380 a multiple of 20?
True
Does 16 divide 22064?
True
Does 14 divide 336?
True
Is 4683 a multiple of 16?
False
Is 871 a multiple of 11?
False
Is 14 a factor of 41915?
False
Is 772 a multiple of 43?
False
Is 9758 a multiple of 34?
True
Does 89 divide 847?
False
Is 377 a factor of 122525?
True
Is 21 a factor of 3288?
False
Is 4487 a multiple of 52?
False
Does 11 divide 896?
False
Is 15853 a multiple of 150?
False
Is 1299 a multiple of 10?
False
Is 84546 a multiple of 154?
True
Does 7 divide 951?
False
Does 31 divide 1872?
False
Does 88 divide 4048?
True
Is 990 a multiple of 55?
True
Does 160 divide 12960?
True
Is 37368 a multiple of 12?
True
Is 2 a factor of 312?
True
Is 43 a factor of 1204?
True
Does 13 divide 58981?
True
Is 35 a factor of 10325?
True
Does 124 divide 3224?
True
Is 2560 a multiple of 19?
False
Does 4 divide 60?
True
Does 3 divide 197?
False
Is 48 a factor of 3744?
True
Is 340 a multiple of 34?
True
Is 1701 a multiple of 53?
False
Is 2579 a multiple of 97?
False
Is 2347 a multiple of 109?
False
Does 52 divide 2130?
False
Is 17513 a multiple of 220?
False
Is 8 a factor of 512?
True
Is 23 a factor of 19895?
True
Is 30480 a multiple of 20?
True
Is 4 a factor of 112?
True
Does 4 divide 102?
False
Does 8 divide 23890?
False
Is 2 a factor of 600?
True
Is 4 a factor of 29824?
True
Does 27 divide 790?
False
Is 39 a factor of 596?
False
Is 486 a multiple of 54?
True
Is 37450 a multiple of 10?
True
Does 18 divide 521?
False
Is 26 a factor of 188266?
True
Is 6116 a multiple of 44?
True
Does 17 divide 544?
True
Is 45467 a multiple of 24?
False
Is 20 a factor of 4159?
False
Does 36 divide 28473?
False
Is 2135 a multiple of 35?
True
Is 32 a factor of 9858?
False
Is 512 a multiple of 4?
True
Is 4545 a multiple of 29?
False
Does 24 divide 12768?
True
Does 2 divide 1124?
True
Is 156 a multiple of 52?
True
Is 2236 a multiple of 43?
True
Is 50 a factor of 13850?
True
Does 62 divide 61166?
False
Does 82 divide 5784?
False
Is 68 a factor of 7344?
True
Is 2350 a multiple of 94?
True
Is 1673 a multiple of 7?
True
Does 96 divide 24661?
False
Is 3460 a multiple of 134?
False
Does 17 divide 102?
True
Does 3 divide 338?
False
Does 12 divide 2740?
False
Is 26796 a 